 is the units digit of g?
1
Suppose -49 = -3*a - 19. Let l(g) = -g**2 + 12*g + 2. What is the tens digit of l(a)?
2
Suppose 0 = 2*q - 7*q. Let l(x) = 0 + 0 + 8 + q - 9*x. What is the tens digit of l(-4)?
4
Let k be -6*2/(-3) - -393. Let y = k + -264. What is the tens digit of y?
3
Suppose -2*o = a - 14, -2*o - 3*a + 27 = 5. Suppose -7 = -4*w + o*g, -5*g = -5*w + 3*w - 9. What is the units digit of (-1 - -28)*(w + -7)?
7
What is the tens digit of 198/11*(-13648)/(-48)?
1
Suppose 4*y = -10*m + 3318 + 1534, 0 = 4*y - 12. What is the units digit of m?
4
Let x(h) = 74*h**3 + 4*h**2 - 17*h - 4. What is the tens digit of x(3)?
7
Suppose k + 28 = 67. Suppose 3*u + 173 = 4*h - k, 3*h - 3*u - 162 = 0. What is the units digit of h?
0
Suppose -4*n + 32 = 5*i, -2*i + 4 - 2 = -2*n. What is the tens digit of i*12*-3*(-10)/20?
7
Let z = 6 + 90. Suppose -4*q = n - 20, -9*q + 3*n + 4 = -5*q. Suppose 0 = -x, q*t - 2*x - z = -4*x. What is the tens digit of t?
2
Suppose -367 = 8*w - 13079. What is the thousands digit of w?
1
Let t = 21 + -21. Suppose t = 11*f - 14*f + 261. What is the tens digit of f?
8
Suppose -2432 - 952 = -12*k. What is the tens digit of k?
8
Let h(u) = -u**3 - 2*u**2 + 2*u + 12. Let g be h(-7). Let a = -162 + g. What is the units digit of a?
1
What is the thousands digit of (-159)/(-265) + -58*(-446)/20?
1
Let k = 316 - 58. What is the units digit of k?
8
Suppose -f = 14 - 4. Let s = 40 + f. Suppose 0*a = 5*a - s. What is the units digit of a?
6
Let j(s) = -3*s**2 + 12*s**3 - 6*s**3 - 4 - 7*s**3. Let b be j(-3). Let v(l) = 5*l**2 + 2*l - 7. What is the tens digit of v(b)?
6
Let u be 2/(-1) - -4 - -1. Suppose u*s - h - 14 = 6*s, 3*h + 15 = 0. What is the units digit of 8/(-12) - 59/s?
9
Let b = -13 + 46. Suppose -2*d + b = 11. What is the tens digit of d?
1
Let u(o) = -6*o - 25. Let g be u(-5). Suppose -3*t = x + 2*t - 102, -g*x + 360 = -5*t. What is the units digit of x?
7
Let p(q) = 2*q**2 + 3*q. Suppose w = -o - 7, 3*o + 4*w = -0*o - 22. Let x be (o/5)/((-12)/(-40)). What is the units digit of p(x)?
0
Suppose -831*k + 699 = -830*k. What is the hundreds digit of k?
6
Let c be 51 + -1 + -2 + -1. Let a be (-48)/(-80) + c/5. Let o(b) = b**3 - 9*b**2 - 7*b - 10. What is the tens digit of o(a)?
2
Let n(i) be the third derivative of -i**4/12 - i**3/6 + 11*i**2 + 3*i. Let s be -2 - (-2 - -1*2). What is the units digit of n(s)?
3
Let u = 486 - -191. What is the tens digit of u?
7
Suppose 13*j - 15*j = -8. Let d = 35 + j. What is the tens digit of d?
3
What is the tens digit of 1/(5/(-30)) - (1 + -3054)?
4
Suppose a + 6 = -2*k + 1, 35 = 4*a - 3*k. Suppose -108 = -a*t + 42. Suppose 355 = 5*b - t. What is the units digit of b?
7
Let i be 8/10*50/(-4). Let u = i + 4. Let v = u - -7. What is the units digit of v?
1
Let l(t) = -9*t - 5 + 2*t - 1 + 3*t**2 - 3. What is the units digit of l(6)?
7
Let s = -1106 + 3226. What is the hundreds digit of s?
1
Suppose 0*v = 18*v - 53550. What is the tens digit of v?
7
Suppose -g + 2*l + 2 = 1, -5*g + 3*l = -33. Suppose -x + 1 = -g. Suppose j + x = 25. What is the tens digit of j?
1
Let c = -32 - 70. Let v = c + 54. Let o = v + 79. What is the tens digit of o?
3
Let z = 1082 + -676. What is the hundreds digit of z?
4
Let x = 39 + -33. Let i(d) be the third derivative of -d**4/24 + 7*d**3/6 + 2*d**2. What is the units digit of i(x)?
1
Let l(y) = -y**3 + 12*y**2 + 30*y + 178. What is the thousands digit of l(-12)?
3
Suppose 5*f + 13*f = 0. Suppose 268 = 2*i - 3*m, f = -5*i + 5*m + 321 + 354. What is the tens digit of i?
3
What is the tens digit of 52 + 1 - (-10 - (-4 + -4))?
5
What is the tens digit of (-115 - -116)/(2/1072)?
3
Suppose 0 = 4*i + 5 - 45. Suppose -i = -0*z - 5*z. Suppose -5*s + 17 = -z*b - 74, 4*b = 2*s - 46. What is the tens digit of s?
1
Let w = -41 - -69. Suppose -5*g + 2*k + w = -0*k, 0 = 4*g - 3*k - 28. Suppose -g*n + 0*n = -36. What is the units digit of n?
9
Let d(i) = -3*i + 395. What is the units digit of d(26)?
7
Let y(g) = g**2 + g + 1. Let o be y(4). Let z be 2/6 + (-7)/o. Suppose -4*h = -s - 82, z*h - 12 = -h - 4*s. What is the tens digit of h?
2
What is the hundreds digit of -3 + (2 + 1189 - 5)?
1
Let b(h) = 0 - 4*h - 9*h + 16*h + 9. What is the tens digit of b(3)?
1
Suppose n + 0*n - 5 = -3*x, 3*x + 2*n = 1. Let h be -2*(x + (4 - 6)). What is the units digit of (-55)/(-1) + 8/h?
1
What is the units digit of (4 - (-7147)/21)/((-1)/(-3))?
3
What is the tens digit of (((-9120)/28)/(-5))/((-2)/(-14))?
5
What is the tens digit of 1/((-9)/(-3672)) + (1 - 1)?
0
Suppose -1371 = -5*w - 81. Suppose -2*n - 2 = -0*n, 2*n = -5*u + w. What is the units digit of u?
2
Let w be (-3)/9*-6 + 1. Suppose -w - 1 = -a. Let o = a - -26. What is the tens digit of o?
3
Suppose 0 = 3*t + t. Suppose t = 2*x + 2*x - 196. What is the tens digit of x?
4
Suppose 11*j - 28*j + 97223 = 0. What is the hundreds digit of j?
7
What is the hundreds digit of 2/(14/3577) + 5?
5
Let s(l) = l**2 + 6*l + 3. Suppose -k = 4*k + 30. Let n be s(k). What is the tens digit of 90/12*8/n?
2
What is the tens digit of 2/5 - 27432/(-120)?
2
Suppose v - 3 = -0*v. Let l(y) = 2*y - 4 - 7 + 9 + 61*y**v. What is the units digit of l(1)?
1
Let h(z) = -z**3 - 13*z**2 - 13*z + 12. Let a be h(-12). Let t(d) = -1 + 24*d + 4*d**2 - a*d. What is the units digit of t(-1)?
3
Let h = 2050 - 1285. What is the units digit of h?
5
Let w(g) = -g**3 + 29*g**2 + 21*g - 6. What is the tens digit of w(12)?
9
Suppose -22 = -5*c + 13. Suppose 5*v = c*v - 282. What is the hundreds digit of v?
1
Suppose -28*s + 14480 = -3636. What is the hundreds digit of s?
6
Let r = 364 - -236. What is the units digit of (1/2)/(1/r*5)?
0
Let x be (4 - 11 - -4)*-1. Suppose 0 = -3*w - 4*h + 9, -x*w + 4*h + 3 + 6 = 0. What is the units digit of w?
3
Suppose -116 = -3*w - 89. Let k(m) = 6*m + 1. Let l be k(3). Let n = l + w. What is the tens digit of n?
2
Suppose 0 = -18*f + 85*f - 55007. What is the tens digit of f?
2
Let s(y) = y - 5. Let z(v) = 5*v**3 - 2*v**2 + 2*v - 1. Let b be z(1). Let q be s(b). What is the tens digit of (4 - q)*(-42)/(-5)?
4
Let k(n) = 2*n**2 - n - 9. What is the units digit of k(8)?
1
Let g = 1 - 20. Let t = g + 43. What is the units digit of (-3)/(-18) - (-188)/t?
8
Let g = -1089 + 2910. What is the units digit of g?
1
What is the tens digit of (-78440)/(-53) - (-1 - 7)?
8
Suppose 52 = 2*p - 4*p. What is the tens digit of 5 - (1 + 2) - p?
2
Suppose 19*x - 5259 = 3576. What is the units digit of x?
5
Let z(d) = 3*d - 3. Let p be z(-1). Let h(l) = -2*l**3 - 7*l**2 - 8*l + 5. What is the units digit of h(p)?
3
Let w(h) = -10*h - 17. Suppose -11 = 5*n + 24. What is the tens digit of w(n)?
5
Let t(z) = 19*z + 23. Suppose 45 = -5*f + 15. Let v(n) = -3*n - 4. Let d(g) = f*t(g) - 34*v(g). What is the units digit of d(-3)?
4
Let o be (0 + 2)*(-115)/(-10). Let a = 19 - o. What is the units digit of (-1324)/(-28) + a/14?
7
Let u = -29 - -22. Let m(d) = d**3 + 8*d**2 + 4*d - 16. Let j be m(u). Suppose a - 71 + 25 = -4*c, j*c - 20 = 0. What is the units digit of a?
0
Let i = -62 + 61. What is the tens digit of i - ((-1 - 124) + -1)?
2
Let h(n) = -n**2 + 7*n + 4. Let r be h(8). Let v be r + 2 + 34 - 0. Suppose 3*x - v = x. What is the units digit of x?
6
Let o be (-4 + -2)*(-12)/9. Let f = o + -4. What is the tens digit of (-20)/(-5 - (-12)/f)?
1
Suppose 798*o - 799*o = -2662. What is the thousands digit of o?
2
Suppose 4*p - 14 = -2*t, -16 = 2*p + 5*t - 3. What is the units digit of ((-897)/(-52))/(p/16)?
6
Suppose 0 = -3*h - 4*x - 44 - 22, -h + 3*x = 22. Let n(j) = 26*j - 1. Let f be n(2). Let d = f + h. What is the units digit of d?
9
Let f = -163 - -72. Let m = f - -138. What is the tens digit of m?
4
Let a(u) = -31*u - 223. What is the units digit of a(-49)?
6
Suppose -5*v + 20 = -3*c + 4, v + 3*c = -4. Let d be (-54)/10 - v/(-5). Let n(i) = -4*i - 5. What is the units digit of n(d)?
5
Suppose -10 = -3*x + 5. Suppose u - 36 = -3*h + h, -x*h + 88 = 2*u. What is the units digit of h?
6
Suppose 5*c + 8 = -4*b + 2, -4*c = 2*b. Let r be (5 - 3 - 2)/c. Suppose 125 = 5*k + g - r*g, 5*g = 0. What is the tens digit of k?
2
Let c = 17 + -16. Suppose -9 = p - 5*a, 0 = -4*p + 2*a - 4*a - 58. Let f = c - p. What is the units digit of f?
5
Let j = -1340 + 1921. What is the units 